ivisor of 18 and f.
2
Let y = -12917 + 12983. What is the highest common factor of y and 352?
22
Suppose 3*c = -3*u + 8*u, 0 = 5*u + 5*c. Suppose u = 3*m - 7*m + 40. Suppose -4*i + m + 14 = 4*a, -14 = a - 3*i. What is the greatest common divisor of 2 and a?
1
Suppose r = -5*q - 3*r + 51, -4 = 4*r. Let x = -9 + q. Calculate the greatest common divisor of x and 74.
2
Suppose -19 - 30 = -7*r. Suppose 16*z + 248 - 2376 = 0. What is the highest common factor of r and z?
7
Suppose 182 = -1051*z + 1065*z. Let c = 2 + 1. Let j be (-1)/c - 471/(-9). Calculate the greatest common divisor of j and z.
13
Let p = 4443 + -4436. What is the greatest common divisor of p and 3514?
7
Suppose 8*v - 623 - 373 = 28. What is the highest common factor of v and 2048?
128
Let a be ((-12)/(1 + -7))/((-1)/(-2)). Suppose 5*d = 9 + 6. Suppose -3*m = -2*o + 119, o - d*m - 67 = -a*m. What is the highest common divisor of o and 8?
8
Suppose 3*a = -1596 + 6840. What is the greatest common factor of 1216 and a?
76
Suppose 2*m + 325 - 371 = 458. Calculate the greatest common divisor of m and 6720.
84
Let g = -1658 + 1661. Calculate the greatest common factor of g and 173.
1
Let c(h) = -3*h - 1. Let w(f) = 13*f**2 + f + 0*f + f**3 - f**3 - 15 - f**3. Let v be w(13). Let t be c(v). What is the greatest common factor of 10 and t?
5
Suppose 2*s + 4*w + 6 + 2 = 0, -2*w - 20 = -3*s. Suppose 5*h + s*n - 652 = 0, h + 6*n = 5*n + 130. What is the highest common divisor of h and 12?
12
Suppose -6837 = -5*o - 4*h, -2*h + 6347 = 5*o - 494. Calculate the greatest common factor of 259 and o.
37
Suppose 0 = -5*x - h + 1687, -2*x - 86*h + 88*h + 682 = 0. Suppose b = -2*y + 47, -3*y + 7*b + 103 = 2*b. What is the greatest common factor of x and y?
26
Suppose -57*p + 65508 = -4*p. Suppose -7*l + 1376 - p = 0. What is the highest common factor of l and 8?
4
Let n be (-27 - -26)*29*11. Let o = 364 + n. Calculate the greatest common divisor of o and 6.
3
Let v = 15 + 3. Let w = 35 + -24. Let d be (w - 8)*(1 + 8). What is the greatest common divisor of d and v?
9
Suppose 3*y = -x, 2*x + 6*y = 3*y + 3. Let a = -424 - -471. Let f be 2/x*(a - 23). Calculate the greatest common divisor of 64 and f.
16
Suppose 0 = -2*p - 28 + 180. Let u(n) = -1500*n - 1386. Let t be u(-1). Calculate the greatest common factor of t and p.
38
Suppose -5*z - 10 = -10*z. Let x be z - 2 - (-36)/(-4). Let h(f) = -5*f - 34. Let n be h(x). Calculate the greatest common divisor of 11 and n.
11
Suppose -3*n - 1085 + 2962 = -4*b, n = -b - 478. Let s = b - -613. What is the highest common factor of s and 28?
28
Suppose -4*q + 3*i = -609, 86*q - i = 85*q + 153. What is the greatest common divisor of 3750 and q?
150
Let n = 71 + -68. Suppose n*s = -2*w + 24, 0 = 4*w + 4 - 16. Let y be 27 - 12/(s/2) - 3. Calculate the greatest common factor of 60 and y.
20
Let v(z) = -37*z - 24. Suppose 274*j + 26 = 261*j. Let l be v(j). What is the greatest common divisor of l and 20?
10
Suppose 7*o - 512 = 636. Suppose 4*u - 13 = -1, -3*c + 606 = -3*u. Calculate the greatest common divisor of o and c.
41
Suppose -50 = 34*t - 39*t. Let g(v) = 3 - 18*v + 4*v**2 + 29*v - t*v - 3*v**2. Let n be g(0). What is the greatest common factor of n and 15?
3
Let n be 40 - (-21 - -24) - (12 + -3). Let u be (-7)/(14/(-72))*1. Calculate the highest common factor of u and n.
4
Let b(g) = -3*g**2 + 119*g + 16. Let y be b(37). Suppose 5*p + 6*i - 363 = 9*i, -4*p + y = 3*i. What is the highest common divisor of p and 375?
75
Suppose 57*u - 25464 = 20*u + 33*u. What is the highest common factor of u and 12?
6
Let i(t) = -t**2 + 21*t - 56. Let z be i(16). Suppose -5*m = -x + 39, -x + 4*m = -z - 12. Calculate the highest common divisor of x and 264.
24
Let w(p) be the second derivative of -p**3/3 - 6*p**2 + 27*p. Let k be w(-11). Let v be 3*-165*k/(-45). Calculate the greatest common factor of v and 44.
22
Let l(v) = -v**3 - v + 10. Let b be l(0). Suppose w + 19 - 263 = 4*t, -5*t + 45 = 0. What is the greatest common divisor of w and b?
10
Suppose 35*t - 183 - 377 = 0. Let l = 14 - 25. Let z = l - -15. Calculate the highest common factor of z and t.
4
Suppose 0 = 3*x - 1848 - 3864. Calculate the greatest common factor of x and 238.
238
Suppose -9637*c = -9654*c + 19992. Calculate the greatest common divisor of 168 and c.
168
Let t be (-3)/((-369558)/(-30800) - 12). Calculate the highest common factor of t and 1200.
200
Let k = -12 - -13. Let o be (29 + k - 1)*1. Suppose 39*t - 928 = 23*t. What is the greatest common factor of t and o?
29
Suppose 4*d - 21800 = 9*k - 11*k, 0 = 4*k - 3*d - 43578. What is the greatest common divisor of 96 and k?
48
Let v be (-18)/(-162) - -1889*1/9. Calculate the greatest common factor of 2625 and v.
105
Suppose 14*w - 25 = 9*w. Suppose 6*a - 4*a = 4*r - 12, w*a = r - 12. Let o be ((-1)/(r/(-60)))/1. What is the highest common divisor of o and 10?
10
Let t(f) = -f**3 + 15*f**2 - 16*f - 2. Let l be t(13). Let o = 389 - 197. What is the highest common factor of o and l?
64
Suppose -5*a - 3 = h - 102, -2*h + 198 = 3*a. Calculate the greatest common factor of h and 1296.
9
Let z be (-2)/4*1*-2. Suppose -19*h + 11 - 68 = 0. Let u be 9 + h*(-1)/(-3). Calculate the highest common divisor of u and z.
1
Suppose 3*n + 72 = 4*m + n, 2*m - 5*n - 52 = 0. Let c be 2 - -5 - (5 + (3 - 5)). What is the highest common divisor of c and m?
4
Suppose 2*y = -3*y. Suppose 196 = 3*j + 4*b - y*b, 0 = j + 2*b - 68. What is the greatest common factor of j and 24?
12
Let u = -38 - -43. Let c(y) be the first derivative of 6*y**2 + 31*y - 10. Let n be c(u). Calculate the greatest common divisor of n and 13.
13
Let v be (38385/60)/(3/8) - -5. What is the highest common factor of v and 295?
59
Suppose 100 = 4*v + x, 114*v - 110*v - 104 = -2*x. Let r = -276 - -428. What is the highest common factor of v and r?
8
Suppose 2*y - 22 = 3*n, 3*n + 6 + 12 = 3*y. Let b be 34/(6/(-10) + (-26)/n). Calculate the greatest common divisor of b and 85.
17
Let k(b) = -b - 18. Suppose -12*r = -6*r + 12. Let v be k(r). Let u be (-11)/88 - 1026/v. Calculate the highest common factor of 16 and u.
16
Suppose -x + 22 = x. Suppose 69 - 300 = -21*b. Calculate the highest common divisor of b and x.
11
Let w(t) = 2*t**3 - 12*t**2 - 4*t - 12. Let a be w(7). Let y = -44 + a. Calculate the greatest common factor of y and 84.
14
Let r(z) = 2*z**2 + 72*z + 816. Let h be r(-24). Calculate the greatest common divisor of 12720 and h.
240
Let q be (4/(-6))/(1/(-90)). Let b be (5 - 14)/18*48*(-4 + (-28)/(-8)). Calculate the greatest common factor of q and b.
12
Suppose -7 - 5 = -3*x. Suppose w - 22 = g, 2*g + 0*g - 100 = -x*w. Let i be w - (-4 + 1 - -7). What is the highest common divisor of i and 5?
5
Suppose -33*m - 797 = -4394. What is the highest common divisor of m and 7739?
109
Let j(a) = -22*a - 130. Let n be j(-8). Suppose -w + 330 = 4*q, -w + 4*w = 4*q + 958. Calculate the greatest common factor of w and n.
46
Let p(m) = 6*m**3 + 137*m**2 + 55*m + 11. Let s be p(-22). Calculate the highest common divisor of s and 231.
33
Let p(x) be the first derivative of 44*x**3/3 + 5*x**2 + 18*x - 72. Let y be p(-2). Calculate the greatest common factor of y and 29.
29
Suppose 12*q + q = 936. Let h be 1 + -2 + 6/(-3) + q. What is the greatest common factor of 184 and h?
23
Let s(h) = h**2 - 9*h - 68. Let p be s(14). Suppose p*n - 35 = 105. What is the greatest common divisor of n and 35?
35
Suppose 31*s + s - 9504 = 0. Calculate the highest common factor of 165 and s.
33
Suppose 2*l - 271 = 165. Let k = 221 - l. What is the greatest common divisor of 96 and k?
3
Let l = -47 + -11. Let p = 24 - l. Let o = 87 - p. Calculate the highest common divisor of o and 115.
5
Suppose 0 = -5*v + 247 + 203. Suppose -656 = -37*b - 27. Suppose -15 - b = -2*p + 4*o, 0 = p + o - 7. Calculate the highest common factor of p and v.
10
Let k = -1473 - -1484. Calculate the greatest common factor of 2013 and k.
11
Suppose 61*a + 39160 - 129902 = 87683. What is the greatest common divisor of 5525 and a?
325
Let t(d) = -16*d**3 - 25*d**2 - 58*d - 16. Let o be t(-2). Calculate the greatest common factor of 492 and o.
4
Let n(b) = 18*b + 12. Let k(i) = i - 5. Let c(g) = -k(g) - n(g). Let z be c(-7). Calculate the greatest common divisor o